{"id":39,"date":"2016-09-19T18:00:23","date_gmt":"2016-09-19T18:00:23","guid":{"rendered":"http:\/\/www.novapekara.rs\/?page_id=39"},"modified":"2023-02-21T23:23:44","modified_gmt":"2023-02-21T23:23:44","slug":"kontakt","status":"publish","type":"page","link":"https:\/\/www.novapekara.rs\/index.php\/kontakt\/","title":{"rendered":""},"content":{"rendered":"","protected":false},"excerpt":{"rendered":"","protected":false},"author":1,"featured_media":0,"parent":0,"menu_order":0,"comment_status":"closed","ping_status":"closed","template":"","meta":{"neve_meta_sidebar":"","neve_meta_container":"","neve_meta_enable_content_width":"","neve_meta_content_width":0,"neve_meta_title_alignment":"","neve_meta_author_avatar":"","neve_post_elements_order":"","neve_meta_disable_header":"","neve_meta_disable_footer":"","neve_meta_disable_title":"","footnotes":""},"class_list":["post-39","page","type-page","status-publish","hentry"],"yoast_head":"<!-- This site is optimized with the Yoast SEO plugin v26.8 - https:\/\/yoast.com\/product\/yoast-seo-wordpress\/ -->\n<title>- novapekara<\/title>\n<meta name=\"description\" content=\"Kontakt - Nova Pekara se nalazi na slede\u0107im lokacijama: Milo\u0161a Obrenovi\u0107a 11, Kneza Lazara 1, Nikole Pa\u0161i\u0107a 3a kao i u Jug Bogdanovoj ulici 38a - U\u017eice.\" \/>\n<meta name=\"robots\" content=\"index, follow, max-snippet:-1, max-image-preview:large, max-video-preview:-1\" \/>\n<link rel=\"canonical\" href=\"https:\/\/www.novapekara.rs\/index.php\/kontakt\/\" \/>\n<meta property=\"og:locale\" content=\"en_US\" \/>\n<meta property=\"og:type\" content=\"article\" \/>\n<meta property=\"og:title\" content=\"- novapekara\" \/>\n<meta property=\"og:description\" content=\"Kontakt - Nova Pekara se nalazi na slede\u0107im lokacijama: Milo\u0161a Obrenovi\u0107a 11, Kneza Lazara 1, Nikole Pa\u0161i\u0107a 3a kao i u Jug Bogdanovoj ulici 38a - U\u017eice.\" \/>\n<meta property=\"og:url\" content=\"https:\/\/www.novapekara.rs\/index.php\/kontakt\/\" \/>\n<meta property=\"og:site_name\" content=\"novapekara\" \/>\n<meta property=\"article:publisher\" content=\"https:\/\/www.facebook.com\/Nova-Pekara-338782436469209\/?skip_nax_wizard=true\" \/>\n<meta property=\"article:modified_time\" content=\"2023-02-21T23:23:44+00:00\" \/>\n<meta name=\"twitter:card\" content=\"summary_large_image\" \/>\n<script type=\"application\/ld+json\" class=\"yoast-schema-graph\">{\"@context\":\"https:\/\/schema.org\",\"@graph\":[{\"@type\":\"WebPage\",\"@id\":\"https:\/\/www.novapekara.rs\/index.php\/kontakt\/\",\"url\":\"https:\/\/www.novapekara.rs\/index.php\/kontakt\/\",\"name\":\"- novapekara\",\"isPartOf\":{\"@id\":\"http:\/\/www.novapekara.rs\/#website\"},\"datePublished\":\"2016-09-19T18:00:23+00:00\",\"dateModified\":\"2023-02-21T23:23:44+00:00\",\"description\":\"Kontakt - Nova Pekara se nalazi na slede\u0107im lokacijama: Milo\u0161a Obrenovi\u0107a 11, Kneza Lazara 1, Nikole Pa\u0161i\u0107a 3a kao i u Jug Bogdanovoj ulici 38a - U\u017eice.\",\"inLanguage\":\"en-US\",\"potentialAction\":[{\"@type\":\"ReadAction\",\"target\":[\"https:\/\/www.novapekara.rs\/index.php\/kontakt\/\"]}]},{\"@type\":\"WebSite\",\"@id\":\"http:\/\/www.novapekara.rs\/#website\",\"url\":\"http:\/\/www.novapekara.rs\/\",\"name\":\"novapekara\",\"description\":\"novapekara - pekara, pecenjara, komplet lepinje, nova pekara, nova pekara uzice\",\"potentialAction\":[{\"@type\":\"SearchAction\",\"target\":{\"@type\":\"EntryPoint\",\"urlTemplate\":\"http:\/\/www.novapekara.rs\/?s={search_term_string}\"},\"query-input\":{\"@type\":\"PropertyValueSpecification\",\"valueRequired\":true,\"valueName\":\"search_term_string\"}}],\"inLanguage\":\"en-US\"}]}<\/script>\n<!-- \/ Yoast SEO plugin. -->","yoast_head_json":{"title":"- novapekara","description":"Kontakt - Nova Pekara se nalazi na slede\u0107im lokacijama: Milo\u0161a Obrenovi\u0107a 11, Kneza Lazara 1, Nikole Pa\u0161i\u0107a 3a kao i u Jug Bogdanovoj ulici 38a - U\u017eice.","robots":{"index":"index","follow":"follow","max-snippet":"max-snippet:-1","max-image-preview":"max-image-preview:large","max-video-preview":"max-video-preview:-1"},"canonical":"https:\/\/www.novapekara.rs\/index.php\/kontakt\/","og_locale":"en_US","og_type":"article","og_title":"- novapekara","og_description":"Kontakt - Nova Pekara se nalazi na slede\u0107im lokacijama: Milo\u0161a Obrenovi\u0107a 11, Kneza Lazara 1, Nikole Pa\u0161i\u0107a 3a kao i u Jug Bogdanovoj ulici 38a - U\u017eice.","og_url":"https:\/\/www.novapekara.rs\/index.php\/kontakt\/","og_site_name":"novapekara","article_publisher":"https:\/\/www.facebook.com\/Nova-Pekara-338782436469209\/?skip_nax_wizard=true","article_modified_time":"2023-02-21T23:23:44+00:00","twitter_card":"summary_large_image","schema":{"@context":"https:\/\/schema.org","@graph":[{"@type":"WebPage","@id":"https:\/\/www.novapekara.rs\/index.php\/kontakt\/","url":"https:\/\/www.novapekara.rs\/index.php\/kontakt\/","name":"- novapekara","isPartOf":{"@id":"http:\/\/www.novapekara.rs\/#website"},"datePublished":"2016-09-19T18:00:23+00:00","dateModified":"2023-02-21T23:23:44+00:00","description":"Kontakt - Nova Pekara se nalazi na slede\u0107im lokacijama: Milo\u0161a Obrenovi\u0107a 11, Kneza Lazara 1, Nikole Pa\u0161i\u0107a 3a kao i u Jug Bogdanovoj ulici 38a - U\u017eice.","inLanguage":"en-US","potentialAction":[{"@type":"ReadAction","target":["https:\/\/www.novapekara.rs\/index.php\/kontakt\/"]}]},{"@type":"WebSite","@id":"http:\/\/www.novapekara.rs\/#website","url":"http:\/\/www.novapekara.rs\/","name":"novapekara","description":"novapekara - pekara, pecenjara, komplet lepinje, nova pekara, nova pekara uzice","potentialAction":[{"@type":"SearchAction","target":{"@type":"EntryPoint","urlTemplate":"http:\/\/www.novapekara.rs\/?s={search_term_string}"},"query-input":{"@type":"PropertyValueSpecification","valueRequired":true,"valueName":"search_term_string"}}],"inLanguage":"en-US"}]}},"_links":{"self":[{"href":"https:\/\/www.novapekara.rs\/index.php\/wp-json\/wp\/v2\/pages\/39","targetHints":{"allow":["GET"]}}],"collection":[{"href":"https:\/\/www.novapekara.rs\/index.php\/wp-json\/wp\/v2\/pages"}],"about":[{"href":"https:\/\/www.novapekara.rs\/index.php\/wp-json\/wp\/v2\/types\/page"}],"author":[{"embeddable":true,"href":"https:\/\/www.novapekara.rs\/index.php\/wp-json\/wp\/v2\/users\/1"}],"replies":[{"embeddable":true,"href":"https:\/\/www.novapekara.rs\/index.php\/wp-json\/wp\/v2\/comments?post=39"}],"version-history":[{"count":6,"href":"https:\/\/www.novapekara.rs\/index.php\/wp-json\/wp\/v2\/pages\/39\/revisions"}],"predecessor-version":[{"id":651,"href":"https:\/\/www.novapekara.rs\/index.php\/wp-json\/wp\/v2\/pages\/39\/revisions\/651"}],"wp:attachment":[{"href":"https:\/\/www.novapekara.rs\/index.php\/wp-json\/wp\/v2\/media?parent=39"}],"curies":[{"name":"wp","href":"https:\/\/api.w.org\/{rel}","templated":true}]}}