{"id":35,"date":"2016-09-19T17:59:32","date_gmt":"2016-09-19T17:59:32","guid":{"rendered":"http:\/\/www.novapekara.rs\/?page_id=35"},"modified":"2023-02-21T23:16:06","modified_gmt":"2023-02-21T23:16:06","slug":"o-nama","status":"publish","type":"page","link":"https:\/\/www.novapekara.rs\/index.php\/o-nama\/","title":{"rendered":""},"content":{"rendered":"\n<h2>Tim koji dobija<\/h2>\n<h4>Pobegnite od stvarnosti. Do\u0111ite kod nas. Probajte i otkrijte nove ukuse.<\/h4>\n\tPreduze\u0107e \u201eNOVA PEKARA&#8221; D.O.O. osnovano je 2003. godine. Osnovni koncept razvoja preduze\u0107a baziran je na proizvodnji zdrave hrane kori\u0161\u0107enjem raspolo\u017eivih sirovina sa teritorije Republike Srbije. Mi se bavimo proizvodnjom najkvalitetnijih vrsta hleba i peciva od p\u0161eni\u010dnog, ra\u017eanog i je\u010dmenog bra\u0161na bez dodatka ve\u0161ta\u010dkih boja, kao i specijalnih hlebova bez dodatka aditiva i kvasca. Pored hleba i peciva u na\u0161em \u0161irokom asortimanu proizvoda nalaze se i komplet lepinja, bureci, pite, kola\u010di, pe\u010dena riba i pile\u0107e pe\u010denje. U na\u0161em poslovanju, inspirisani tradicijom, te\u017eimo stalnom unapre\u0111enju kvaliteta i zadovoljenju ukusa na\u0161ih kupaca.\n\t\t\t\t<img decoding=\"async\" src=\"http:\/\/www.novapekara.rs\/wp-content\/uploads\/2016\/09\/slavica-e1475841474506.jpg\" alt=\"slavica\" itemprop=\"image\">\n\t<h3>Slavica Turund\u017ei\u0107<\/h3>\n<p>POSLOVO\u0110A PRODAVNICE<\/p>\n\t\t\t\t<img decoding=\"async\" src=\"http:\/\/www.novapekara.rs\/wp-content\/uploads\/2016\/09\/jelena-2.jpg\" alt=\"jelena-2\" itemprop=\"image\">\n\t<h3>Jelena&nbsp;Slovi\u0107<\/h3>\n<p>ZAMENIK \u0160EFA PROIZVODNJE<\/p>\n\t\t\t\t<img decoding=\"async\" src=\"http:\/\/www.novapekara.rs\/wp-content\/uploads\/2016\/09\/vesna1.jpg\" alt=\"vesna1\" itemprop=\"image\">\n\t<h3>Vesna Tomi\u0107 Smiljani\u0107<\/h3>\n<p>POMO\u0106NIK DIREKTORA<\/p>\n\t\t\t\t<img decoding=\"async\" src=\"http:\/\/www.novapekara.rs\/wp-content\/uploads\/2016\/09\/Verica1.jpg\" alt=\"verica1\" itemprop=\"image\">\n\t<h3>Verica Branisavljevi\u0107<\/h3>\n<p>\u0160EF RA\u010cUNOVODSTVA<\/p>\n\t\u201eNa\u0161i zaposleni cene ulaganje u znanje&nbsp;i stru\u010dno usavr\u0161avanje koje ima za krajnji cilj zadovoljnog i sitog&nbsp;kupca.&#8221;\n\t\t\t\t<img decoding=\"async\" src=\"http:\/\/www.novapekara.rs\/wp-content\/uploads\/2016\/09\/IMG_3682-e1477170752637-768x1024.jpg\" alt=\"Nova Pekara U\u017eice\" itemprop=\"image\">\n\t<h3 style=\"text-align: center;\">Mile Paunovi\u0107<\/h3>\nDIREKTOR\n\tKvalitet proizvoda i usluga Nova Pekara duguje celom timu koji je&nbsp;tu za vas 24 sata dnevno, 7 dana u nedelji, 365 dana godi\u0161nje. Nismo&nbsp;sa svojim porodicama za Novu godinu, Bo\u017ei\u0107, Uskrs i druge praznike. Ro\u0111endane slavimo sa vama. \u017divimo za vas.\n\u017divi nam bili.\n","protected":false},"excerpt":{"rendered":"<p>Tim koji dobija Pobegnite od stvarnosti. Do\u0111ite kod nas. Probajte i otkrijte nove ukuse. Preduze\u0107e \u201eNOVA PEKARA&#8221; D.O.O. osnovano je 2003. godine. Osnovni koncept razvoja preduze\u0107a baziran je na proizvodnji zdrave hrane kori\u0161\u0107enjem raspolo\u017eivih sirovina sa teritorije Republike Srbije. Mi se bavimo proizvodnjom najkvalitetnijih vrsta hleba i peciva od p\u0161eni\u010dnog, ra\u017eanog i je\u010dmenog bra\u0161na bez&hellip;&nbsp;<a href=\"https:\/\/www.novapekara.rs\/index.php\/o-nama\/\" class=\"\" rel=\"bookmark\">Read More &raquo;<span class=\"screen-reader-text\"><\/span><\/a><\/p>\n","protected":false},"author":1,"featured_media":0,"parent":0,"menu_order":0,"comment_status":"closed","ping_status":"closed","template":"","meta":{"neve_meta_sidebar":"","neve_meta_container":"","neve_meta_enable_content_width":"","neve_meta_content_width":0,"neve_meta_title_alignment":"","neve_meta_author_avatar":"","neve_post_elements_order":"","neve_meta_disable_header":"","neve_meta_disable_footer":"","neve_meta_disable_title":"","footnotes":""},"class_list":["post-35","page","type-page","status-publish","hentry"],"yoast_head":"<!-- This site is optimized with the Yoast SEO plugin v26.8 - https:\/\/yoast.com\/product\/yoast-seo-wordpress\/ -->\n<title>- novapekara<\/title>\n<meta name=\"description\" content=\"O nama - tim Nove Pekare iz U\u017eica zaslu\u017ean je za bogatsvo ukusa u kojima svakodnevno u\u017eivamo, od pekara, prodavaca , ra\u010dunovodstva do ukusnih proizvoda.\" \/>\n<meta name=\"robots\" content=\"index, follow, max-snippet:-1, max-image-preview:large, max-video-preview:-1\" \/>\n<link rel=\"canonical\" href=\"http:\/\/www.novapekara.rs\/index.php\/o-nama\/\" \/>\n<meta property=\"og:locale\" content=\"en_US\" \/>\n<meta property=\"og:type\" content=\"article\" \/>\n<meta property=\"og:title\" content=\"- novapekara\" \/>\n<meta property=\"og:description\" content=\"O nama - tim Nove Pekare iz U\u017eica zaslu\u017ean je za bogatsvo ukusa u kojima svakodnevno u\u017eivamo, od pekara, prodavaca , ra\u010dunovodstva do ukusnih proizvoda.\" \/>\n<meta property=\"og:url\" content=\"http:\/\/www.novapekara.rs\/index.php\/o-nama\/\" \/>\n<meta property=\"og:site_name\" content=\"novapekara\" \/>\n<meta property=\"article:publisher\" content=\"https:\/\/www.facebook.com\/Nova-Pekara-338782436469209\/?skip_nax_wizard=true\" \/>\n<meta property=\"article:modified_time\" content=\"2023-02-21T23:16:06+00:00\" \/>\n<meta property=\"og:image\" content=\"http:\/\/www.novapekara.rs\/wp-content\/uploads\/2016\/09\/slavica-e1475841474506.jpg\" \/>\n<meta name=\"twitter:card\" content=\"summary_large_image\" \/>\n<meta name=\"twitter:label1\" content=\"Est. reading time\" \/>\n\t<meta name=\"twitter:data1\" content=\"2 minutes\" \/>\n<script type=\"application\/ld+json\" class=\"yoast-schema-graph\">{\"@context\":\"https:\/\/schema.org\",\"@graph\":[{\"@type\":\"WebPage\",\"@id\":\"http:\/\/www.novapekara.rs\/index.php\/o-nama\/\",\"url\":\"http:\/\/www.novapekara.rs\/index.php\/o-nama\/\",\"name\":\"- novapekara\",\"isPartOf\":{\"@id\":\"http:\/\/www.novapekara.rs\/#website\"},\"primaryImageOfPage\":{\"@id\":\"http:\/\/www.novapekara.rs\/index.php\/o-nama\/#primaryimage\"},\"image\":{\"@id\":\"http:\/\/www.novapekara.rs\/index.php\/o-nama\/#primaryimage\"},\"thumbnailUrl\":\"http:\/\/www.novapekara.rs\/wp-content\/uploads\/2016\/09\/slavica-e1475841474506.jpg\",\"datePublished\":\"2016-09-19T17:59:32+00:00\",\"dateModified\":\"2023-02-21T23:16:06+00:00\",\"description\":\"O nama - tim Nove Pekare iz U\u017eica zaslu\u017ean je za bogatsvo ukusa u kojima svakodnevno u\u017eivamo, od pekara, prodavaca , ra\u010dunovodstva do ukusnih proizvoda.\",\"inLanguage\":\"en-US\",\"potentialAction\":[{\"@type\":\"ReadAction\",\"target\":[\"http:\/\/www.novapekara.rs\/index.php\/o-nama\/\"]}]},{\"@type\":\"ImageObject\",\"inLanguage\":\"en-US\",\"@id\":\"http:\/\/www.novapekara.rs\/index.php\/o-nama\/#primaryimage\",\"url\":\"https:\/\/www.novapekara.rs\/wp-content\/uploads\/2016\/09\/slavica-e1475841474506.jpg\",\"contentUrl\":\"https:\/\/www.novapekara.rs\/wp-content\/uploads\/2016\/09\/slavica-e1475841474506.jpg\",\"width\":2736,\"height\":3648},{\"@type\":\"WebSite\",\"@id\":\"http:\/\/www.novapekara.rs\/#website\",\"url\":\"http:\/\/www.novapekara.rs\/\",\"name\":\"novapekara\",\"description\":\"novapekara - pekara, pecenjara, komplet lepinje, nova pekara, nova pekara uzice\",\"potentialAction\":[{\"@type\":\"SearchAction\",\"target\":{\"@type\":\"EntryPoint\",\"urlTemplate\":\"http:\/\/www.novapekara.rs\/?s={search_term_string}\"},\"query-input\":{\"@type\":\"PropertyValueSpecification\",\"valueRequired\":true,\"valueName\":\"search_term_string\"}}],\"inLanguage\":\"en-US\"}]}<\/script>\n<!-- \/ Yoast SEO plugin. -->","yoast_head_json":{"title":"- novapekara","description":"O nama - tim Nove Pekare iz U\u017eica zaslu\u017ean je za bogatsvo ukusa u kojima svakodnevno u\u017eivamo, od pekara, prodavaca , ra\u010dunovodstva do ukusnih proizvoda.","robots":{"index":"index","follow":"follow","max-snippet":"max-snippet:-1","max-image-preview":"max-image-preview:large","max-video-preview":"max-video-preview:-1"},"canonical":"http:\/\/www.novapekara.rs\/index.php\/o-nama\/","og_locale":"en_US","og_type":"article","og_title":"- novapekara","og_description":"O nama - tim Nove Pekare iz U\u017eica zaslu\u017ean je za bogatsvo ukusa u kojima svakodnevno u\u017eivamo, od pekara, prodavaca , ra\u010dunovodstva do ukusnih proizvoda.","og_url":"http:\/\/www.novapekara.rs\/index.php\/o-nama\/","og_site_name":"novapekara","article_publisher":"https:\/\/www.facebook.com\/Nova-Pekara-338782436469209\/?skip_nax_wizard=true","article_modified_time":"2023-02-21T23:16:06+00:00","og_image":[{"url":"http:\/\/www.novapekara.rs\/wp-content\/uploads\/2016\/09\/slavica-e1475841474506.jpg","type":"","width":"","height":""}],"twitter_card":"summary_large_image","twitter_misc":{"Est. reading time":"2 minutes"},"schema":{"@context":"https:\/\/schema.org","@graph":[{"@type":"WebPage","@id":"http:\/\/www.novapekara.rs\/index.php\/o-nama\/","url":"http:\/\/www.novapekara.rs\/index.php\/o-nama\/","name":"- novapekara","isPartOf":{"@id":"http:\/\/www.novapekara.rs\/#website"},"primaryImageOfPage":{"@id":"http:\/\/www.novapekara.rs\/index.php\/o-nama\/#primaryimage"},"image":{"@id":"http:\/\/www.novapekara.rs\/index.php\/o-nama\/#primaryimage"},"thumbnailUrl":"http:\/\/www.novapekara.rs\/wp-content\/uploads\/2016\/09\/slavica-e1475841474506.jpg","datePublished":"2016-09-19T17:59:32+00:00","dateModified":"2023-02-21T23:16:06+00:00","description":"O nama - tim Nove Pekare iz U\u017eica zaslu\u017ean je za bogatsvo ukusa u kojima svakodnevno u\u017eivamo, od pekara, prodavaca , ra\u010dunovodstva do ukusnih proizvoda.","inLanguage":"en-US","potentialAction":[{"@type":"ReadAction","target":["http:\/\/www.novapekara.rs\/index.php\/o-nama\/"]}]},{"@type":"ImageObject","inLanguage":"en-US","@id":"http:\/\/www.novapekara.rs\/index.php\/o-nama\/#primaryimage","url":"https:\/\/www.novapekara.rs\/wp-content\/uploads\/2016\/09\/slavica-e1475841474506.jpg","contentUrl":"https:\/\/www.novapekara.rs\/wp-content\/uploads\/2016\/09\/slavica-e1475841474506.jpg","width":2736,"height":3648},{"@type":"WebSite","@id":"http:\/\/www.novapekara.rs\/#website","url":"http:\/\/www.novapekara.rs\/","name":"novapekara","description":"novapekara - pekara, pecenjara, komplet lepinje, nova pekara, nova pekara uzice","potentialAction":[{"@type":"SearchAction","target":{"@type":"EntryPoint","urlTemplate":"http:\/\/www.novapekara.rs\/?s={search_term_string}"},"query-input":{"@type":"PropertyValueSpecification","valueRequired":true,"valueName":"search_term_string"}}],"inLanguage":"en-US"}]}},"_links":{"self":[{"href":"https:\/\/www.novapekara.rs\/index.php\/wp-json\/wp\/v2\/pages\/35","targetHints":{"allow":["GET"]}}],"collection":[{"href":"https:\/\/www.novapekara.rs\/index.php\/wp-json\/wp\/v2\/pages"}],"about":[{"href":"https:\/\/www.novapekara.rs\/index.php\/wp-json\/wp\/v2\/types\/page"}],"author":[{"embeddable":true,"href":"https:\/\/www.novapekara.rs\/index.php\/wp-json\/wp\/v2\/users\/1"}],"replies":[{"embeddable":true,"href":"https:\/\/www.novapekara.rs\/index.php\/wp-json\/wp\/v2\/comments?post=35"}],"version-history":[{"count":27,"href":"https:\/\/www.novapekara.rs\/index.php\/wp-json\/wp\/v2\/pages\/35\/revisions"}],"predecessor-version":[{"id":642,"href":"https:\/\/www.novapekara.rs\/index.php\/wp-json\/wp\/v2\/pages\/35\/revisions\/642"}],"wp:attachment":[{"href":"https:\/\/www.novapekara.rs\/index.php\/wp-json\/wp\/v2\/media?parent=35"}],"curies":[{"name":"wp","href":"https:\/\/api.w.org\/{rel}","templated":true}]}}