{"id":33,"date":"2016-09-19T17:58:54","date_gmt":"2016-09-19T17:58:54","guid":{"rendered":"http:\/\/www.novapekara.rs\/?page_id=33"},"modified":"2026-01-08T11:00:37","modified_gmt":"2026-01-08T11:00:37","slug":"pocetna-novapekara","status":"publish","type":"page","link":"https:\/\/www.novapekara.rs\/","title":{"rendered":""},"content":{"rendered":"\n\n\t\t\t\t<a href=\"\/index.php\/proizvodi\/\"  target=\"_self\" itemprop=\"url\">\n\t\t\t\t<img decoding=\"async\" src=\"http:\/\/www.novapekara.rs\/wp-content\/uploads\/2016\/09\/Nova-pekara-znakk-1.gif\" alt=\"Nova pekara znakk\" itemprop=\"image\" title=\"Nova pekara znakk\" onerror=\"this.style.display='none'\" loading=\"lazy\" \/>\n\t\t\t\t<\/a>\n\t<h2><strong>Kvalitet, tradicija, poverenje<\/strong><\/h2>\n<p>Nova Pekara, pekarsko preduze\u0107e iz U\u017eica, prepoznatljiva je po hlebovima vrhunskog kvaliteta, komplet lepinjama, u\u017ei\u010dkom brendu broj jedan, burecima&#8230; Kvalitet, tradicija i poverenje na na\u0161em su meniju svakog dana. Do\u0111ite, probajte, predlo\u017eite&#8230; Tu smo zbog vas, da vas uslu\u017eimo, iznenadimo, oraspolo\u017eimo. Da zadovoljimo va\u0161a \u010dula i va\u0161e apetite. Da stvaramo sa vama i za vas, jer ste vi na\u0161 broj jedan.<\/p>\n\t<p><img loading=\"lazy\" decoding=\"async\" src=\"http:\/\/www.novapekara.rs\/wp-content\/uploads\/2016\/09\/Logomakr_9AI7sX.png\" alt=\"nova pekara_hleb\" width=\"287\" height=\"191\" \/><\/p>\n\t<p><img loading=\"lazy\" decoding=\"async\" src=\"http:\/\/www.novapekara.rs\/wp-content\/uploads\/2016\/09\/turkey-36868_1280-300x164.png\" alt=\"turkey-36868_1280\" width=\"349\" height=\"191\" \/><\/p>\n\t<p>Doru\u010dak, ru\u010dak, ve\u010dera &#8211; problem?<\/p>\n<p>Ne nije, re\u0161enje va\u0161eg problema je <strong><a href=\"http:\/\/www.novapekara.rs\/index.php\/lokacija\/\">ovde\u00bb<\/a>.<\/strong><\/p>\n\t\t\t\t<img decoding=\"async\" src=\"http:\/\/www.novapekara.rs\/wp-content\/uploads\/2016\/09\/Slogan_Nove_Pekare-1024x167.gif\" alt=\"Nova Pekara slogan\" itemprop=\"image\" title=\"Nova Pekara slogan\" onerror=\"this.style.display='none'\" loading=\"lazy\" \/>\n\t\n<div class=\"wpcf7 no-js\" id=\"wpcf7-f526-o1\" lang=\"en-US\" dir=\"ltr\" data-wpcf7-id=\"526\">\n<div class=\"screen-reader-response\"><p role=\"status\" aria-live=\"polite\" aria-atomic=\"true\"><\/p> <ul><\/ul><\/div>\n<form action=\"\/index.php\/wp-json\/wp\/v2\/pages\/33#wpcf7-f526-o1\" method=\"post\" class=\"wpcf7-form init\" aria-label=\"Contact form\" novalidate=\"novalidate\" data-status=\"init\">\n<fieldset class=\"hidden-fields-container\"><input type=\"hidden\" name=\"_wpcf7\" value=\"526\" \/><input type=\"hidden\" name=\"_wpcf7_version\" value=\"6.1.5\" \/><input type=\"hidden\" name=\"_wpcf7_locale\" value=\"en_US\" \/><input type=\"hidden\" name=\"_wpcf7_unit_tag\" value=\"wpcf7-f526-o1\" \/><input type=\"hidden\" name=\"_wpcf7_container_post\" value=\"0\" \/><input type=\"hidden\" name=\"_wpcf7_posted_data_hash\" value=\"\" \/>\n<\/fieldset>\n<p><label> Va\u0161e ime (obavezno)<br \/>\n<span class=\"wpcf7-form-control-wrap\" data-name=\"your-name\"><input size=\"40\" maxlength=\"400\" class=\"wpcf7-form-control wpcf7-text wpcf7-validates-as-required\" aria-required=\"true\" aria-invalid=\"false\" value=\"\" type=\"text\" name=\"your-name\" \/><\/span> <\/label>\n<\/p>\n<p><label> Va\u0161 Email (obavezno)<br \/>\n<span class=\"wpcf7-form-control-wrap\" data-name=\"your-email\"><input size=\"40\" maxlength=\"400\" class=\"wpcf7-form-control wpcf7-email wpcf7-validates-as-required wpcf7-text wpcf7-validates-as-email\" aria-required=\"true\" aria-invalid=\"false\" value=\"\" type=\"email\" name=\"your-email\" \/><\/span> <\/label>\n<\/p>\n<p><label> Predmet<br \/>\n<span class=\"wpcf7-form-control-wrap\" data-name=\"your-subject\"><input size=\"40\" maxlength=\"400\" class=\"wpcf7-form-control wpcf7-text\" aria-invalid=\"false\" value=\"\" type=\"text\" name=\"your-subject\" \/><\/span> <\/label>\n<\/p>\n<p><label> Va\u0161a poruka<br \/>\n<span class=\"wpcf7-form-control-wrap\" data-name=\"your-message\"><textarea cols=\"40\" rows=\"10\" maxlength=\"2000\" class=\"wpcf7-form-control wpcf7-textarea\" aria-invalid=\"false\" name=\"your-message\"><\/textarea><\/span> <\/label>\n<\/p>\n<p><input class=\"wpcf7-form-control wpcf7-submit has-spinner\" type=\"submit\" value=\"Po\u0161alji\" \/>\n<\/p><div class=\"wpcf7-response-output\" aria-hidden=\"true\"><\/div>\n<\/form>\n<\/div>\n\n\tMilo\u0161a Obrenovi\u0107a 11,<br \/>\n31000 U\u017eice<br \/>\ntel. 064\/644 3930<br \/>\n031\/565 888<br \/>\nRadno vreme: 05.00-19.00<br \/>\nsubotom: 05.00-14.00<br \/>\nnedeljom: ne radi\n\t<p><iframe loading=\"lazy\" src=\"https:\/\/www.google.com\/maps\/embed?pb=!1m18!1m12!1m3!1d2877.177329216293!2d19.85375001507454!3d43.85215307911496!2m3!1f0!2f0!3f0!3m2!1i1024!2i768!4f13.1!3m3!1m2!1s0x4759d35653546dd3%3A0xef6b0180f3b608cb!2z0J3QvtCy0LAg0J_QtdC60LDRgNCw!5e0!3m2!1ssr!2srs!4v1547921516108\" width=\"200\" height=\"185\" frameborder=\"0\" allowfullscreen><\/iframe><\/p>\n\tKneza Lazara 1<br \/>\n31000 U\u017eice<br \/>\ntel. 064\/644 3924<br \/>\n031\/522 966<br \/>\nRadno vreme: 05.00-20.00<br \/>\nsubotom: 05.00-20.00<br \/>\nnedeljom: 05.00-16.00\n\t<p><iframe loading=\"lazy\" src=\"https:\/\/www.google.com\/maps\/embed?pb=!1m18!1m12!1m3!1d2877.033892766699!2d19.834104115074663!3d43.85512617911493!2m3!1f0!2f0!3f0!3m2!1i1024!2i768!4f13.1!3m3!1m2!1s0x4759d349ba6a2db5%3A0xf1c18a394aa2ba9f!2z0JrQvdC10LfQsCDQm9Cw0LfQsNGA0LAsINCj0LbQuNGG0LU!5e0!3m2!1ssr!2srs!4v1547921692648\" width=\"200\" height=\"185\" frameborder=\"0\" allowfullscreen><\/iframe><\/p>\n\tNikole Pa\u0161i\u0107a 3a,<br \/>\n31000 U\u017eice<br \/>\ntel. 064\/644 3923<br \/>\n031\/522 959<br \/>\nRadno vreme: 05.00-17.00<br \/>\nsubotom: 05.00-14.00<br \/>\nnedeljom: ne radi\n<p>&nbsp;<\/p>\n\t<p><iframe loading=\"lazy\" src=\"https:\/\/www.google.com\/maps\/embed?pb=!1m18!1m12!1m3!1d1438.5720785303963!2d19.844123102801287!3d43.85284067409669!2m3!1f0!2f0!3f0!3m2!1i1024!2i768!4f13.1!3m3!1m2!1s0x4759d34e18e19391%3A0xc4671920cf18dd2e!2z0J3QuNC60L7Qu9C1INCf0LDRiNC40ZvQsCAzLCDQo9C20LjRhtC1!5e0!3m2!1ssr!2srs!4v1547921971354\" width=\"200\" height=\"185\" frameborder=\"0\" allowfullscreen=\"allowfullscreen\"><\/iframe><\/p>\n\t<p><a href=\"http:\/\/www.novapekara.rs\/index.php\/proizvodi\/\">\u010cekamo\u00a0\u00a0vas\u00bb<\/a><\/p>\n\n","protected":false},"excerpt":{"rendered":"<p>Kvalitet, tradicija, poverenje Nova Pekara, pekarsko preduze\u0107e iz U\u017eica, prepoznatljiva je po hlebovima vrhunskog kvaliteta, komplet lepinjama, u\u017ei\u010dkom brendu broj jedan, burecima&#8230; Kvalitet, tradicija i poverenje na na\u0161em su meniju svakog dana. Do\u0111ite, probajte, predlo\u017eite&#8230; Tu smo zbog vas, da vas uslu\u017eimo, iznenadimo, oraspolo\u017eimo. Da zadovoljimo va\u0161a \u010dula i va\u0161e apetite. Da stvaramo sa vama&hellip;&nbsp;<a href=\"https:\/\/www.novapekara.rs\/\" class=\"\" rel=\"bookmark\">Read More &raquo;<span class=\"screen-reader-text\"><\/span><\/a><\/p>\n","protected":false},"author":1,"featured_media":0,"parent":0,"menu_order":0,"comment_status":"closed","ping_status":"closed","template":"","meta":{"neve_meta_sidebar":"","neve_meta_container":"","neve_meta_enable_content_width":"","neve_meta_content_width":0,"neve_meta_title_alignment":"","neve_meta_author_avatar":"","neve_post_elements_order":"","neve_meta_disable_header":"","neve_meta_disable_footer":"","neve_meta_disable_title":"","footnotes":""},"class_list":["post-33","page","type-page","status-publish","hentry"],"yoast_head":"<!-- This site is optimized with the Yoast SEO plugin v26.8 - https:\/\/yoast.com\/product\/yoast-seo-wordpress\/ -->\n<title>Nova Pekara | nova pekara-pekarsko preduze\u0107e iz U\u017eica<\/title>\n<meta name=\"description\" content=\"Nova Pekara - pekara U\u017eice, proizvodnja hlebova vrhunskog kvaliteta najkvalitetnijih \u017eitarica, komplet lepinje, bureci, piletina, u\u017ei\u010dki brend broj jedan\" \/>\n<meta name=\"robots\" content=\"index, follow, max-snippet:-1, max-image-preview:large, max-video-preview:-1\" \/>\n<link rel=\"canonical\" href=\"http:\/\/www.novapekara.rs\/\" \/>\n<meta property=\"og:locale\" content=\"en_US\" \/>\n<meta property=\"og:type\" content=\"article\" \/>\n<meta property=\"og:title\" content=\"Nova Pekara | nova pekara-pekarsko preduze\u0107e iz U\u017eica\" \/>\n<meta property=\"og:description\" content=\"Nova Pekara - pekara U\u017eice, proizvodnja hlebova vrhunskog kvaliteta najkvalitetnijih \u017eitarica, komplet lepinje, bureci, piletina, u\u017ei\u010dki brend broj jedan\" \/>\n<meta property=\"og:url\" content=\"http:\/\/www.novapekara.rs\/\" \/>\n<meta property=\"og:site_name\" content=\"novapekara\" \/>\n<meta property=\"article:publisher\" content=\"https:\/\/www.facebook.com\/Nova-Pekara-338782436469209\/?skip_nax_wizard=true\" \/>\n<meta property=\"article:modified_time\" content=\"2026-01-08T11:00:37+00:00\" \/>\n<meta property=\"og:image\" content=\"http:\/\/www.novapekara.rs\/wp-content\/uploads\/2016\/09\/Nova-pekara-znakk-1.gif\" \/>\n<meta name=\"twitter:card\" content=\"summary_large_image\" \/>\n<meta name=\"twitter:label1\" content=\"Est. reading time\" \/>\n\t<meta name=\"twitter:data1\" content=\"2 minutes\" \/>\n<script type=\"application\/ld+json\" class=\"yoast-schema-graph\">{\"@context\":\"https:\/\/schema.org\",\"@graph\":[{\"@type\":\"WebPage\",\"@id\":\"http:\/\/www.novapekara.rs\/\",\"url\":\"http:\/\/www.novapekara.rs\/\",\"name\":\"Nova Pekara | nova pekara-pekarsko preduze\u0107e iz U\u017eica\",\"isPartOf\":{\"@id\":\"http:\/\/www.novapekara.rs\/#website\"},\"primaryImageOfPage\":{\"@id\":\"http:\/\/www.novapekara.rs\/#primaryimage\"},\"image\":{\"@id\":\"http:\/\/www.novapekara.rs\/#primaryimage\"},\"thumbnailUrl\":\"http:\/\/www.novapekara.rs\/wp-content\/uploads\/2016\/09\/Nova-pekara-znakk-1.gif\",\"datePublished\":\"2016-09-19T17:58:54+00:00\",\"dateModified\":\"2026-01-08T11:00:37+00:00\",\"description\":\"Nova Pekara - pekara U\u017eice, proizvodnja hlebova vrhunskog kvaliteta najkvalitetnijih \u017eitarica, komplet lepinje, bureci, piletina, u\u017ei\u010dki brend broj jedan\",\"inLanguage\":\"en-US\",\"potentialAction\":[{\"@type\":\"ReadAction\",\"target\":[\"http:\/\/www.novapekara.rs\/\"]}]},{\"@type\":\"ImageObject\",\"inLanguage\":\"en-US\",\"@id\":\"http:\/\/www.novapekara.rs\/#primaryimage\",\"url\":\"https:\/\/www.novapekara.rs\/wp-content\/uploads\/2016\/09\/Nova-pekara-znakk-1.gif\",\"contentUrl\":\"https:\/\/www.novapekara.rs\/wp-content\/uploads\/2016\/09\/Nova-pekara-znakk-1.gif\",\"width\":150,\"height\":136,\"caption\":\"Nova pekara znakk\"},{\"@type\":\"WebSite\",\"@id\":\"http:\/\/www.novapekara.rs\/#website\",\"url\":\"http:\/\/www.novapekara.rs\/\",\"name\":\"novapekara\",\"description\":\"novapekara - pekara, pecenjara, komplet lepinje, nova pekara, nova pekara uzice\",\"potentialAction\":[{\"@type\":\"SearchAction\",\"target\":{\"@type\":\"EntryPoint\",\"urlTemplate\":\"http:\/\/www.novapekara.rs\/?s={search_term_string}\"},\"query-input\":{\"@type\":\"PropertyValueSpecification\",\"valueRequired\":true,\"valueName\":\"search_term_string\"}}],\"inLanguage\":\"en-US\"}]}<\/script>\n<!-- \/ Yoast SEO plugin. -->","yoast_head_json":{"title":"Nova Pekara | nova pekara-pekarsko preduze\u0107e iz U\u017eica","description":"Nova Pekara - pekara U\u017eice, proizvodnja hlebova vrhunskog kvaliteta najkvalitetnijih \u017eitarica, komplet lepinje, bureci, piletina, u\u017ei\u010dki brend broj jedan","robots":{"index":"index","follow":"follow","max-snippet":"max-snippet:-1","max-image-preview":"max-image-preview:large","max-video-preview":"max-video-preview:-1"},"canonical":"http:\/\/www.novapekara.rs\/","og_locale":"en_US","og_type":"article","og_title":"Nova Pekara | nova pekara-pekarsko preduze\u0107e iz U\u017eica","og_description":"Nova Pekara - pekara U\u017eice, proizvodnja hlebova vrhunskog kvaliteta najkvalitetnijih \u017eitarica, komplet lepinje, bureci, piletina, u\u017ei\u010dki brend broj jedan","og_url":"http:\/\/www.novapekara.rs\/","og_site_name":"novapekara","article_publisher":"https:\/\/www.facebook.com\/Nova-Pekara-338782436469209\/?skip_nax_wizard=true","article_modified_time":"2026-01-08T11:00:37+00:00","og_image":[{"url":"http:\/\/www.novapekara.rs\/wp-content\/uploads\/2016\/09\/Nova-pekara-znakk-1.gif","type":"","width":"","height":""}],"twitter_card":"summary_large_image","twitter_misc":{"Est. reading time":"2 minutes"},"schema":{"@context":"https:\/\/schema.org","@graph":[{"@type":"WebPage","@id":"http:\/\/www.novapekara.rs\/","url":"http:\/\/www.novapekara.rs\/","name":"Nova Pekara | nova pekara-pekarsko preduze\u0107e iz U\u017eica","isPartOf":{"@id":"http:\/\/www.novapekara.rs\/#website"},"primaryImageOfPage":{"@id":"http:\/\/www.novapekara.rs\/#primaryimage"},"image":{"@id":"http:\/\/www.novapekara.rs\/#primaryimage"},"thumbnailUrl":"http:\/\/www.novapekara.rs\/wp-content\/uploads\/2016\/09\/Nova-pekara-znakk-1.gif","datePublished":"2016-09-19T17:58:54+00:00","dateModified":"2026-01-08T11:00:37+00:00","description":"Nova Pekara - pekara U\u017eice, proizvodnja hlebova vrhunskog kvaliteta najkvalitetnijih \u017eitarica, komplet lepinje, bureci, piletina, u\u017ei\u010dki brend broj jedan","inLanguage":"en-US","potentialAction":[{"@type":"ReadAction","target":["http:\/\/www.novapekara.rs\/"]}]},{"@type":"ImageObject","inLanguage":"en-US","@id":"http:\/\/www.novapekara.rs\/#primaryimage","url":"https:\/\/www.novapekara.rs\/wp-content\/uploads\/2016\/09\/Nova-pekara-znakk-1.gif","contentUrl":"https:\/\/www.novapekara.rs\/wp-content\/uploads\/2016\/09\/Nova-pekara-znakk-1.gif","width":150,"height":136,"caption":"Nova pekara znakk"},{"@type":"WebSite","@id":"http:\/\/www.novapekara.rs\/#website","url":"http:\/\/www.novapekara.rs\/","name":"novapekara","description":"novapekara - pekara, pecenjara, komplet lepinje, nova pekara, nova pekara uzice","potentialAction":[{"@type":"SearchAction","target":{"@type":"EntryPoint","urlTemplate":"http:\/\/www.novapekara.rs\/?s={search_term_string}"},"query-input":{"@type":"PropertyValueSpecification","valueRequired":true,"valueName":"search_term_string"}}],"inLanguage":"en-US"}]}},"_links":{"self":[{"href":"https:\/\/www.novapekara.rs\/index.php\/wp-json\/wp\/v2\/pages\/33","targetHints":{"allow":["GET"]}}],"collection":[{"href":"https:\/\/www.novapekara.rs\/index.php\/wp-json\/wp\/v2\/pages"}],"about":[{"href":"https:\/\/www.novapekara.rs\/index.php\/wp-json\/wp\/v2\/types\/page"}],"author":[{"embeddable":true,"href":"https:\/\/www.novapekara.rs\/index.php\/wp-json\/wp\/v2\/users\/1"}],"replies":[{"embeddable":true,"href":"https:\/\/www.novapekara.rs\/index.php\/wp-json\/wp\/v2\/comments?post=33"}],"version-history":[{"count":11,"href":"https:\/\/www.novapekara.rs\/index.php\/wp-json\/wp\/v2\/pages\/33\/revisions"}],"predecessor-version":[{"id":670,"href":"https:\/\/www.novapekara.rs\/index.php\/wp-json\/wp\/v2\/pages\/33\/revisions\/670"}],"wp:attachment":[{"href":"https:\/\/www.novapekara.rs\/index.php\/wp-json\/wp\/v2\/media?parent=33"}],"curies":[{"name":"wp","href":"https:\/\/api.w.org\/{rel}","templated":true}]}}