{"id":41,"date":"2016-09-19T18:00:44","date_gmt":"2016-09-19T18:00:44","guid":{"rendered":"http:\/\/www.novapekara.rs\/?page_id=41"},"modified":"2023-02-21T23:26:01","modified_gmt":"2023-02-21T23:26:01","slug":"nagrade","status":"publish","type":"page","link":"http:\/\/www.novapekara.rs\/index.php\/nagrade\/","title":{"rendered":""},"content":{"rendered":"\n<p><img loading=\"lazy\" decoding=\"async\" src=\"http:\/\/www.novapekara.rs\/wp-content\/uploads\/2016\/09\/Slogan_Nove_Pekare-300x49.gif\" alt=\"Nova Pekara slogan\" width=\"389\" height=\"63\"><\/p>\n\t<h1><strong><a href=\"http:\/\/www.novapekara.rs\/index.php\/proizvodilink\/#spelta\" target=\"_blank\" rel=\"noopener\">Spelta<\/a> i <a href=\"http:\/\/www.novapekara.rs\/index.php\/proizvodilink\/#cabata\" target=\"_blank\" rel=\"noopener\">\u0107abata<\/a> &#8211; na\u0161e zlato<\/strong><\/h1>\n<p><strong>tradicionalni recepti, iskusni majstori i sastojci vrhunskog kvaliteta i ove godine su nam doneli zlato i ulep\u0161ali na\u0161u kolekciju<\/strong><\/p>\n","protected":false},"excerpt":{"rendered":"<p>Spelta i \u0107abata &#8211; na\u0161e zlato tradicionalni recepti, iskusni majstori i sastojci vrhunskog kvaliteta i ove godine su nam doneli zlato i ulep\u0161ali na\u0161u kolekciju<\/p>\n","protected":false},"author":1,"featured_media":0,"parent":0,"menu_order":0,"comment_status":"closed","ping_status":"closed","template":"","meta":{"neve_meta_sidebar":"","neve_meta_container":"","neve_meta_enable_content_width":"","neve_meta_content_width":0,"neve_meta_title_alignment":"","neve_meta_author_avatar":"","neve_post_elements_order":"","neve_meta_disable_header":"","neve_meta_disable_footer":"","neve_meta_disable_title":"","footnotes":""},"class_list":["post-41","page","type-page","status-publish","hentry"],"yoast_head":"<!-- This site is optimized with the Yoast SEO plugin v26.8 - https:\/\/yoast.com\/product\/yoast-seo-wordpress\/ -->\n<title>- novapekara<\/title>\n<meta name=\"description\" content=\"Nagrade-Nova Pekara iz U\u017eica je na Novosadskom sajmu osvojila dve zlatne medalje za kvalitet i to za hleb \u0107abata 2010. i hleb od spelte 2016. godine.\" \/>\n<meta name=\"robots\" content=\"index, follow, max-snippet:-1, max-image-preview:large, max-video-preview:-1\" \/>\n<link rel=\"canonical\" href=\"https:\/\/www.novapekara.rs\/index.php\/nagrade\/\" \/>\n<meta property=\"og:locale\" content=\"en_US\" \/>\n<meta property=\"og:type\" content=\"article\" \/>\n<meta property=\"og:title\" content=\"- novapekara\" \/>\n<meta property=\"og:description\" content=\"Nagrade-Nova Pekara iz U\u017eica je na Novosadskom sajmu osvojila dve zlatne medalje za kvalitet i to za hleb \u0107abata 2010. i hleb od spelte 2016. godine.\" \/>\n<meta property=\"og:url\" content=\"https:\/\/www.novapekara.rs\/index.php\/nagrade\/\" \/>\n<meta property=\"og:site_name\" content=\"novapekara\" \/>\n<meta property=\"article:publisher\" content=\"https:\/\/www.facebook.com\/Nova-Pekara-338782436469209\/?skip_nax_wizard=true\" \/>\n<meta property=\"article:modified_time\" content=\"2023-02-21T23:26:01+00:00\" \/>\n<meta property=\"og:image\" content=\"http:\/\/www.novapekara.rs\/wp-content\/uploads\/2016\/09\/Slogan_Nove_Pekare-300x49.gif\" \/>\n<meta name=\"twitter:card\" content=\"summary_large_image\" \/>\n<meta name=\"twitter:label1\" content=\"Est. reading time\" \/>\n\t<meta name=\"twitter:data1\" content=\"1 minute\" \/>\n<script type=\"application\/ld+json\" class=\"yoast-schema-graph\">{\"@context\":\"https:\/\/schema.org\",\"@graph\":[{\"@type\":\"WebPage\",\"@id\":\"https:\/\/www.novapekara.rs\/index.php\/nagrade\/\",\"url\":\"https:\/\/www.novapekara.rs\/index.php\/nagrade\/\",\"name\":\"- novapekara\",\"isPartOf\":{\"@id\":\"http:\/\/www.novapekara.rs\/#website\"},\"primaryImageOfPage\":{\"@id\":\"https:\/\/www.novapekara.rs\/index.php\/nagrade\/#primaryimage\"},\"image\":{\"@id\":\"https:\/\/www.novapekara.rs\/index.php\/nagrade\/#primaryimage\"},\"thumbnailUrl\":\"http:\/\/www.novapekara.rs\/wp-content\/uploads\/2016\/09\/Slogan_Nove_Pekare-300x49.gif\",\"datePublished\":\"2016-09-19T18:00:44+00:00\",\"dateModified\":\"2023-02-21T23:26:01+00:00\",\"description\":\"Nagrade-Nova Pekara iz U\u017eica je na Novosadskom sajmu osvojila dve zlatne medalje za kvalitet i to za hleb \u0107abata 2010. i hleb od spelte 2016. godine.\",\"inLanguage\":\"en-US\",\"potentialAction\":[{\"@type\":\"ReadAction\",\"target\":[\"https:\/\/www.novapekara.rs\/index.php\/nagrade\/\"]}]},{\"@type\":\"ImageObject\",\"inLanguage\":\"en-US\",\"@id\":\"https:\/\/www.novapekara.rs\/index.php\/nagrade\/#primaryimage\",\"url\":\"http:\/\/www.novapekara.rs\/wp-content\/uploads\/2016\/09\/Slogan_Nove_Pekare.gif\",\"contentUrl\":\"http:\/\/www.novapekara.rs\/wp-content\/uploads\/2016\/09\/Slogan_Nove_Pekare.gif\",\"width\":1233,\"height\":201,\"caption\":\"Nova Pekara slogan\"},{\"@type\":\"WebSite\",\"@id\":\"http:\/\/www.novapekara.rs\/#website\",\"url\":\"http:\/\/www.novapekara.rs\/\",\"name\":\"novapekara\",\"description\":\"novapekara - pekara, pecenjara, komplet lepinje, nova pekara, nova pekara uzice\",\"potentialAction\":[{\"@type\":\"SearchAction\",\"target\":{\"@type\":\"EntryPoint\",\"urlTemplate\":\"http:\/\/www.novapekara.rs\/?s={search_term_string}\"},\"query-input\":{\"@type\":\"PropertyValueSpecification\",\"valueRequired\":true,\"valueName\":\"search_term_string\"}}],\"inLanguage\":\"en-US\"}]}<\/script>\n<!-- \/ Yoast SEO plugin. -->","yoast_head_json":{"title":"- novapekara","description":"Nagrade-Nova Pekara iz U\u017eica je na Novosadskom sajmu osvojila dve zlatne medalje za kvalitet i to za hleb \u0107abata 2010. i hleb od spelte 2016. godine.","robots":{"index":"index","follow":"follow","max-snippet":"max-snippet:-1","max-image-preview":"max-image-preview:large","max-video-preview":"max-video-preview:-1"},"canonical":"https:\/\/www.novapekara.rs\/index.php\/nagrade\/","og_locale":"en_US","og_type":"article","og_title":"- novapekara","og_description":"Nagrade-Nova Pekara iz U\u017eica je na Novosadskom sajmu osvojila dve zlatne medalje za kvalitet i to za hleb \u0107abata 2010. i hleb od spelte 2016. godine.","og_url":"https:\/\/www.novapekara.rs\/index.php\/nagrade\/","og_site_name":"novapekara","article_publisher":"https:\/\/www.facebook.com\/Nova-Pekara-338782436469209\/?skip_nax_wizard=true","article_modified_time":"2023-02-21T23:26:01+00:00","og_image":[{"url":"http:\/\/www.novapekara.rs\/wp-content\/uploads\/2016\/09\/Slogan_Nove_Pekare-300x49.gif","type":"","width":"","height":""}],"twitter_card":"summary_large_image","twitter_misc":{"Est. reading time":"1 minute"},"schema":{"@context":"https:\/\/schema.org","@graph":[{"@type":"WebPage","@id":"https:\/\/www.novapekara.rs\/index.php\/nagrade\/","url":"https:\/\/www.novapekara.rs\/index.php\/nagrade\/","name":"- novapekara","isPartOf":{"@id":"http:\/\/www.novapekara.rs\/#website"},"primaryImageOfPage":{"@id":"https:\/\/www.novapekara.rs\/index.php\/nagrade\/#primaryimage"},"image":{"@id":"https:\/\/www.novapekara.rs\/index.php\/nagrade\/#primaryimage"},"thumbnailUrl":"http:\/\/www.novapekara.rs\/wp-content\/uploads\/2016\/09\/Slogan_Nove_Pekare-300x49.gif","datePublished":"2016-09-19T18:00:44+00:00","dateModified":"2023-02-21T23:26:01+00:00","description":"Nagrade-Nova Pekara iz U\u017eica je na Novosadskom sajmu osvojila dve zlatne medalje za kvalitet i to za hleb \u0107abata 2010. i hleb od spelte 2016. godine.","inLanguage":"en-US","potentialAction":[{"@type":"ReadAction","target":["https:\/\/www.novapekara.rs\/index.php\/nagrade\/"]}]},{"@type":"ImageObject","inLanguage":"en-US","@id":"https:\/\/www.novapekara.rs\/index.php\/nagrade\/#primaryimage","url":"http:\/\/www.novapekara.rs\/wp-content\/uploads\/2016\/09\/Slogan_Nove_Pekare.gif","contentUrl":"http:\/\/www.novapekara.rs\/wp-content\/uploads\/2016\/09\/Slogan_Nove_Pekare.gif","width":1233,"height":201,"caption":"Nova Pekara slogan"},{"@type":"WebSite","@id":"http:\/\/www.novapekara.rs\/#website","url":"http:\/\/www.novapekara.rs\/","name":"novapekara","description":"novapekara - pekara, pecenjara, komplet lepinje, nova pekara, nova pekara uzice","potentialAction":[{"@type":"SearchAction","target":{"@type":"EntryPoint","urlTemplate":"http:\/\/www.novapekara.rs\/?s={search_term_string}"},"query-input":{"@type":"PropertyValueSpecification","valueRequired":true,"valueName":"search_term_string"}}],"inLanguage":"en-US"}]}},"_links":{"self":[{"href":"http:\/\/www.novapekara.rs\/index.php\/wp-json\/wp\/v2\/pages\/41","targetHints":{"allow":["GET"]}}],"collection":[{"href":"http:\/\/www.novapekara.rs\/index.php\/wp-json\/wp\/v2\/pages"}],"about":[{"href":"http:\/\/www.novapekara.rs\/index.php\/wp-json\/wp\/v2\/types\/page"}],"author":[{"embeddable":true,"href":"http:\/\/www.novapekara.rs\/index.php\/wp-json\/wp\/v2\/users\/1"}],"replies":[{"embeddable":true,"href":"http:\/\/www.novapekara.rs\/index.php\/wp-json\/wp\/v2\/comments?post=41"}],"version-history":[{"count":28,"href":"http:\/\/www.novapekara.rs\/index.php\/wp-json\/wp\/v2\/pages\/41\/revisions"}],"predecessor-version":[{"id":652,"href":"http:\/\/www.novapekara.rs\/index.php\/wp-json\/wp\/v2\/pages\/41\/revisions\/652"}],"wp:attachment":[{"href":"http:\/\/www.novapekara.rs\/index.php\/wp-json\/wp\/v2\/media?parent=41"}],"curies":[{"name":"wp","href":"https:\/\/api.w.org\/{rel}","templated":true}]}}